*s. Suppose 0 = -5*l + 5, 4 = -4*u + 5*l + 27. Give o(u).
8
Let t(d) be the third derivative of -d**7/2520 + d**6/240 + d**5/20 - d**2. Let b(a) be the third derivative of t(a). Let j = 127 + -132. Calculate b(j).
13
Let y(f) = -f - 7. Let n be y(-10). Suppose 17 = 2*u + n. Let c(o) = -o**2 - 4*o**2 - 1 + 6*o - u*o. What is c(-1)?
-5
Let w(d) = 44*d**2 + d. Suppose -7*k + 62*k - 55 = 0. What is w(k)?
45
Let b(w) = w**3 - 14*w**2 + w - 2. Let i be b(14). Let f be 2*(-9)/i*2. Let m(t) = t + 1. Determine m(f).
-2
Let q(c) be the first derivative of c**4/4 - 4*c**3/3 + 2*c**2 - 2*c - 295. What is q(3)?
1
Let f(c) = c - 3. Let u(v) = -2*v**2 - 2*v. Suppose 2*t - t = -3. Let k be u(t). Let o be 3/(-1) - (9 + k). Determine f(o).
-3
Let a be 28/42*6/4. Let j(l) = -3*l**3 - a + 2 - 2. Suppose -3*b + 0*b = -3. Give j(b).
-4
Let m(h) = -h**3 + 8*h**2 + 8*h + 15. Let o be m(9). Suppose o*u = 1 - 79. Let n = 7 + u. Let j(l) = l**2 + 6*l - 5. Calculate j(n).
-5
Let s(h) = 114 - h**2 - 107 + 3*h - h. Let u be 84/15 - (-2)/5. Let b be -2*((-21)/u - -1). Calculate s(b).
-8
Let r(g) = -3*g**2 - 14*g - 8. Let c be r(-4). Suppose 4*w = -12, -2*w + 9 = -5*s - c*w. Let p(b) = -b**3 - b**2 + 2*b - 1. Calculate p(s).
11
Let z be -2 + 3 + -7 + 8. Let o(b) = -12 - 3*b - 12 + z*b + 31. Give o(6).
1
Let t(j) be the second derivative of -j**4/12 - 2*j**3/3 - j**2 + j - 33. Give t(-5).
-7
Let i(o) be the second derivative of 0 - 3*o - o**3 - 3*o**2 - 1/12*o**4. Give i(-4).
2
Let f(w) = 2*w. Suppose 14*v - 6 = 17*v. Calculate f(v).
-4
Let l(b) = -b - 4. Let a be (-84)/(-105) - 108/10. Calculate l(a).
6
Suppose 3*b - 14 + 5 = 0. Let t(i) = 1 - 4*i + i**2 - i**3 + 3*i + 3*i + 5*i**b. What is t(-1)?
-4
Let p = -146 + 154. Suppose -3*w = -5*r - 11, 5*r + p - 1 = w. Let z(n) be the third derivative of -3*n**5/10 + n**4/24 + n**3/6 + n**2. Determine z(r).
-18
Let z(f) be the third derivative of -f**5/60 - 5*f**4/24 + f**3/2 - 2*f**2. Let v(i) = i**3 - 13*i**2 - 9*i - 74. Let p be v(14). What is z(p)?
7
Let h(i) = -i**3 - 6*i**2 - 6*i - 5. Let r(q) = 2*q**3 + 6*q**2 + 3*q + 4. Let x be (6/6 + 2/(-3))*-9. Let g be r(x). Determine h(g).
0
Let y(t) = -5*t - 1. Suppose -5*r + 35 = -5*d, -5*d - 5*r + 17 = 2. What is y(d)?
9
Suppose 969*j - 963*j - 18 = 0. Let p(y) be the third derivative of -1/3*y**j + 0*y - 5*y**2 - 1/6*y**4 + 0. Determine p(-2).
6
Let a(n) = 3 + 3*n + n**2 - 9*n - 8*n + 19*n. Calculate a(-7).
17
Let h(p) = p**2 + 6*p + 1. Let w(t) = t - 1. Let v be w(1). Let b(k) = 7*k**2 - 40*k - 2. Let f be b(6). Suppose v = -m - f + 4. Calculate h(m).
1
Let j(h) = h - 4. Suppose -3*o = 5*r - 473, 2*o - 3*o = r - 95. Let b = r - 91. Calculate j(b).
-1
Let v(b) = -5*b**3 - 3*b**2 - 8*b + 3. Let q(j) = -6*j**3 - 2*j**2 - 9*j + 4. Let f(k) = 4*q(k) - 5*v(k). What is f(-6)?
13
Let i(h) be the second derivative of h**5/20 - 4*h**4/3 - 3*h**3 + 17*h**2/2 - 91*h + 1. Determine i(17).
0
Let n(q) = 2*q + 3 - 4 - 3*q - 4. What is n(-3)?
-2
Let x(h) be the first derivative of h**4/4 - 5*h**3/3 - 6*h**2 - 16*h - 330. Calculate x(7).
-2
Let u = -561 - -567. Suppose -2*j = -3*j + 2. Let z(a) = -a**3 - 3 + 2*a - 1 + 0*a**2 + 0*a**2 - u*a**j. Calculate z(-6).
-16
Let o(r) = r**3 - 7*r**2 + 5*r + 4. Suppose x + 55 = -2*i, -2*i = -5*x + 5 + 20. Let m be ((-30)/i)/(2/10). What is o(m)?
-2
Let a(k) = k**3 - k**2 - k + 1. Let x(y) = -3*y - 12. Let h be x(-6). Let z = h - 5. What is a(z)?
0
Suppose -305 + 7 = -2*k. Let u(x) = 11*x**2 - k*x + 149*x. Let f = 4 + -5. What is u(f)?
11
Let j(l) = 20 - 39 + 2*l + 20. Let d(z) = -7*z**2 - 8*z - 4. Let b(g) = -d(g) - 5*j(g). Determine b(-1).
8
Let x(b) = 7*b + 3 - 3 - b**3 + 5*b**2 - 2 + 2*b - 13*b**2. Calculate x(-9).
-2
Let q(z) = -3*z**2 - z + 2. Let r be 3 + -1 + 1 + -1. Suppose -4*a + r*a + 4 = 0. Let t = a - 4. What is q(t)?
-8
Let u(s) be the third derivative of s**6/5 - s**5/60 + s**4/24 + s**3/6 + 500*s**2. What is u(1)?
25
Let b(c) = c - 1. Let o(n) = 2*n - 4. Let p be o(3). Let y be 3/p - (-99)/22. Let k be (-17)/4 - y/8. Give b(k).
-6
Let l = -3 - -5. Let v(q) be the second derivative of q**5/120 - q**3/3 + 5*q**2/2 - 5*q + 2. Let t(d) be the second derivative of v(d). Give t(l).
2
Let h(y) be the third derivative of -y**8/20160 - y**7/2520 + y**6/180 + y**5/5 - 14*y**2. Let m(n) be the third derivative of h(n). Calculate m(-4).
-4
Let b = -20 - -43. Suppose -5*w = 2*p - 20, 0*w + w = 5*p - b. Let g(l) = -l**2 - 2*l + 1. Calculate g(w).
-7
Let b(r) = 108*r + 103*r - r**2 - r**3 - r**2 - 212*r. Calculate b(-1).
0
Let c(v) = 31*v - 5. Let t(w) = 11*w - 2. Let k(u) = 3*c(u) - 8*t(u). What is k(1)?
6
Let b(o) = -o + 11. Let v(z) = -3*z + 33. Let y(n) = 2*n + 24. Let x be y(-15). Let u(g) = x*v(g) + 17*b(g). Give u(5).
-6
Let w(u) = u**3 - u**2 - u + 11. Let q = 520 + -520. Determine w(q).
11
Let i(s) = -2 + 6*s + 5*s + 3 - 3*s. Suppose -5*m - 4 = -5*p + 6, p - 11 = 4*m. Let v be p/1 - -4 - 2. Determine i(v).
9
Let g(i) = 53045 - i - 53046 - i + 12*i**2. What is g(-1)?
13
Let q = -135 - -129. Let f(i) = 2*i + 31. Let l(a) = 3*a + 6. Let g be l(-4). Let y(w) = -w - 16. Let h(n) = g*f(n) - 11*y(n). Calculate h(q).
-4
Let a be 4 + 11/((-2)/(-2)). Let g(l) = -3*l + 52. Determine g(a).
7
Let x(f) = 29 + 747*f - 1494*f - f**2 + 746*f. Calculate x(-6).
-1
Let p = 13 + -28. Let l = 21 + p. Let i(q) = q**2 - 6*q - 3. What is i(l)?
-3
Let r(f) = -2*f - 1. Let z(q) = -3*q - 1. Let o(w) = -2*r(w) + z(w). Calculate o(-5).
-4
Let g(m) = m**2 + 1. Let l(s) = -2*s**2 + 3. Let n be 3/(-2)*2/3. Let y(r) = n*g(r) - l(r). Let o = -1498 - -1495. Determine y(o).
5
Let l(z) = z**3 + 5*z**2 - 9*z - 5. Let b(a) = -2*a + 50. Let y be b(28). Determine l(y).
13
Let h(p) = p**3 + 4*p**2 - 3*p - 7. Suppose -12*x - 12 = -9*x. Give h(x).
5
Let j be 7/28 + 1/(-4). Suppose 2*m + 4 = -4*c, 4*m + j = -5*c - 14. Let s(i) = 3 - 3 + i. Calculate s(m).
-6
Let x(c) = -7*c**2 + 10*c - 7. Let z(b) = -b**2 + 1. Let g(m) = x(m) - 2*z(m). Let k(i) = 6*i**2 - 10*i + 9. Let s(l) = -5*g(l) - 4*k(l). What is s(8)?
-7
Let a(y) be the third derivative of y**5/60 - y**4/4 + 5*y**3/6 - 4*y**2. Let l(s) = -s**2 + 6*s - 4. Let m(x) = -5*a(x) - 6*l(x). Calculate m(5).
-6
Let r(m) = -7 - m + 3 - 3 - 8. Calculate r(-12).
-3
Suppose v + 4*s = 14, -s = v - 34 + 17. Let y(h) = 2*h - 43. Calculate y(v).
-7
Let d(u) = -u**2 + 5*u + 2. Let a(j) = -j. Let y = -21 - -27. Let r(w) = y*a(w) + d(w). What is r(-3)?
-4
Suppose -326*j = -343*j + 34. Let s(r) = 3*r**2 + r - 4. What is s(j)?
10
Let a(b) = 4*b**2 - 7*b. Let j(i) = 7*i**2 - 13*i + 1. Let o(q) = -5*a(q) + 3*j(q). Let u be 7 + 3 + 3*-2. Suppose u*n + 1 = 9. Give o(n).
-1
Let b(l) = l**3 - 6*l**2 + 6*l - 4. Let n = -8 - -13. Suppose -6*o = -4*o. Let p = n + o. Calculate b(p).
1
Let g(j) = 3*j**2 + 19*j + 7. Let v be g(-8). Let c = v - 52. Let d(u) = -u**3 - 4*u**2 + 6*u + 6. Give d(c).
1
Let k(x) = -x**3 - 15*x**2 - 4*x + 3. Let m(h) = 2*h**3 + 16*h**2 + 7*h - 2. Let r(v) = 3*k(v) + 2*m(v). Calculate r(13).
31
Let h(u) = -7*u**3 + 4*u**2 - 2*u - 1. Let x be h(1). Let a(s) = s**3 + 4*s**2 - 12*s - 9. Determine a(x).
-9
Suppose q - 1 = 0, 0 = -3*p + 2*q + 13. Let c(b) = 9*b + 2. Let t(i) = -8*i - 3. Let l(u) = p*t(u) + 4*c(u). Determine l(-5).
13
Let s(o) = 14 + 7*o**2 - 9 + o**3 + 0 + o**2 - 9*o + 3*o. What is s(-9)?
-22
Let s(l) = l**2 - 9*l + 14. Let h = 632 + -626. Determine s(h).
-4
Suppose -5 = 15*z + 40. Let i(u) = 2*u**2 + 3*u - 1. Calculate i(z).
8
Let r(z) = -z**2 + 12*z + 7. Let t be (1*26)/(15/(135/18)). Determine r(t).
-6
Let u(f) be the first derivative of f**2 - 4*f + 1. Suppose 2*i = -40 - 60. Let a = i + 47. Give u(a).
-10
Let l(f) = 3*f - 2. Suppose q = 4*q - 6. Suppose -s = s - q. Let r = s - 3. Calculate l(r).
-8
Let d = 2135 + -2128. Let o(p) = 4*p - 16. Determine o(d).
12
Let p(d) be the second derivative of d**5/20 + 5*d**4/12 + d**3/2 - 3*d**2/2 - d. Let w be (6/(-5))/(28/70). Determine p(w).
6
Let v(f) = f**3 - f**2 + 1. Let n be v(0). Suppose -j = -n, 6*j - j - 9 = -s. Let b(p) = 2*p + 1. Determine b(s).
9
Let x(v) = v**3 - v**2 + v. Let p be (-2)/(-7) - (-57)/21. Let n = p - -1. Suppose n*y = 3*y + 1. What is x(y)?
1
Let q(j) be the first derivative of -j**4/24 + 11*j**3/6 - 11*j**2/2 - 10. Let c(t) be the second derivative of q(t). Giv